{"id":172,"date":"2025-10-26T12:28:16","date_gmt":"2025-10-26T11:28:16","guid":{"rendered":"https:\/\/wszufladzie.com.pl\/?page_id=172"},"modified":"2025-10-26T13:17:07","modified_gmt":"2025-10-26T12:17:07","slug":"ksiega-drogi-i-dobra","status":"publish","type":"page","link":"https:\/\/wszufladzie.com.pl\/?page_id=172","title":{"rendered":"Ksi\u0119ga drogi i dobra"},"content":{"rendered":"\t\t<div data-elementor-type=\"wp-page\" data-elementor-id=\"172\" class=\"elementor elementor-172\">\n\t\t\t\t<div class=\"elementor-element elementor-element-52b3049 e-flex e-con-boxed e-con e-parent\" data-id=\"52b3049\" data-element_type=\"container\">\n\t\t\t\t\t<div class=\"e-con-inner\">\n\t\t\t\t<div class=\"elementor-element elementor-element-0d55f62 elementor-widget elementor-widget-heading\" data-id=\"0d55f62\" data-element_type=\"widget\" data-widget_type=\"heading.default\">\n\t\t\t\t\t<h2 class=\"elementor-heading-title elementor-size-default\">Ksi\u0119ga Drogi i Dobra<\/h2>\t\t\t\t<\/div>\n\t\t\t\t\t<\/div>\n\t\t\t\t<\/div>\n\t\t<div class=\"elementor-element elementor-element-f32edc2 e-flex e-con-boxed e-con e-parent\" data-id=\"f32edc2\" data-element_type=\"container\">\n\t\t\t\t\t<div class=\"e-con-inner\">\n\t\t\t\t<div class=\"elementor-element elementor-element-c423c1b elementor-widget elementor-widget-text-editor\" data-id=\"c423c1b\" data-element_type=\"widget\" data-widget_type=\"text-editor.default\">\n\t\t\t\t\t\t\t\t\t<p>Ursula K. Le Guin znana jest przede wszystkim z sagi Ziemiomorza, kt\u00f3rej przestrze\u0144 przemierza czarnoksi\u0119\u017cnik Ged. Jednak tym razem autorka dos\u0142ownie powo\u0142uje do \u017cycia innego maga &#8211; p\u00f3\u0142legendarnego m\u0119\u017cczyzn\u0119, tw\u00f3rc\u0119 taoizmu &#8211; prawdopodobnie \u017cyj\u0105cego w czasach Konfuncjusza.\u00a0<\/p>\t\t\t\t\t\t\t\t<\/div>\n\t\t\t\t\t<\/div>\n\t\t\t\t<\/div>\n\t\t<div class=\"elementor-element elementor-element-213f127 e-flex e-con-boxed e-con e-parent\" data-id=\"213f127\" data-element_type=\"container\">\n\t\t\t\t\t<div class=\"e-con-inner\">\n\t\t\t\t<div class=\"elementor-element elementor-element-449a80e elementor-widget elementor-widget-text-editor\" data-id=\"449a80e\" data-element_type=\"widget\" data-widget_type=\"text-editor.default\">\n\t\t\t\t\t\t\t\t\t<p>Trudno Ursuli przypisa\u0107 autorstwo Ksi\u0119gi Drogi i Dobra. Autorka jedynie dokona\u0142a interpretacji s\u0142\u00f3w wielkiego my\u015bliciela, by &#8211; jak sama stwierdzi\u0142a &#8211; sta\u0142y si\u0119 one przyst\u0119pne dla wsp\u00f3\u0142czesnego czytelnika. Chcia\u0142a, by\u015bmy zrozumieli, dlaczego t\u0119 ksi\u0119g\u0119 niegdy\u015b darzono czci\u0105. Nie mo\u017cna jej przeczyta\u0107 jednym tchem, przy kolejnych porankach b\u0105d\u017a wieczorach. I nie dlatego, \u017ce jest obszerna, ale przede wszystkim dlatego, \u017ce jest pisana wierszem stanowi\u0105cym obraz przemy\u015ble\u0144 Mistrza. Nad nimi naprawd\u0119 warto si\u0119 zastanowi\u0107 i by\u0107 mo\u017ce przesun\u0105\u0107 \u015brodek ci\u0119\u017cko\u015bci we w\u0142asnym \u017cyciu? Motywem przewodnim jest swoisty dualizm \u015bwiata &#8211; wszystko, co nas otacza sk\u0142ada si\u0119 z pozornie wykluczaj\u0105cych si\u0119 element\u00f3w, kt\u00f3re tak naprawd\u0119 uzupe\u0142niaj\u0105 si\u0119, staj\u0105c si\u0119 jedno\u015bci\u0105. Skoro tak, to mo\u017ce niepotrzebnie dokonujemy gradacji czegokolwiek?\u00a0<\/p>\t\t\t\t\t\t\t\t<\/div>\n\t\t\t\t\t<\/div>\n\t\t\t\t<\/div>\n\t\t<div class=\"elementor-element elementor-element-6834f9c e-flex e-con-boxed e-con e-parent\" data-id=\"6834f9c\" data-element_type=\"container\">\n\t\t\t\t\t<div class=\"e-con-inner\">\n\t\t\t\t<div class=\"elementor-element elementor-element-ac148c1 elementor-widget elementor-widget-text-editor\" data-id=\"ac148c1\" data-element_type=\"widget\" data-widget_type=\"text-editor.default\">\n\t\t\t\t\t\t\t\t\t<p>Ta pozycja literacka ma jeszcze jedn\u0105 przewag\u0119 nad innymi &#8211; za ka\u017cdym razem mo\u017cna j\u0105 czyta\u0107 na nowo i dostrzega\u0107 w niej co\u015b, czego wcze\u015bniej nie uchwycili\u015bmy. Gwarantuj\u0119, \u017ce po kilku miesi\u0105cach, latach, odnajdziemy w niej co\u015b inspiruj\u0105cego. Wystarczy przeczyta\u0107:<\/p><p style=\"margin-bottom: 0cm; line-height: 1px; background: transparent; color: #000000; font-size: medium;\" align=\"center\"><span style=\"color: #7a7a7a;\"><i>\u00a0<\/i><\/span><\/p><p style=\"margin-bottom: 0cm; line-height: 1px; background: transparent; color: #000000; font-size: medium;\" align=\"center\"><span style=\"color: #7a7a7a;\"><i>Wszyscy, kt\u00f3rzy s\u0105dz\u0105,<\/i><\/span><\/p><p style=\"margin-bottom: 0cm; line-height: 1px; background: transparent; color: #000000; font-size: medium;\" align=\"center\"><span style=\"color: #7a7a7a;\"><i>\u017ce pi\u0119kno jest pi\u0119kne,<\/i><\/span><\/p><p style=\"margin-bottom: 0cm; line-height: 1px; background: transparent; color: #000000; font-size: medium;\" align=\"center\"><span style=\"color: #7a7a7a;\"><i>szerz\u0105 brzydot\u0119.<\/i><\/span><\/p><p style=\"margin-bottom: 0cm; line-height: 1px; background: transparent; color: #000000; font-size: medium;\" align=\"center\"><i>\u00a0<\/i><\/p><p style=\"margin-bottom: 0cm; line-height: 1px; background: transparent; color: #000000; font-size: medium;\" align=\"center\"><span style=\"color: #7a7a7a;\"><i>Wszyscy, kt\u00f3rzy my\u015bl\u0105,<\/i><\/span><\/p><p style=\"margin-bottom: 0cm; line-height: 1px; background: transparent; color: #000000; font-size: medium;\" align=\"center\"><span style=\"color: #7a7a7a;\"><i>\u017ce dobro jest dobre,<\/i><\/span><\/p><p style=\"margin-bottom: 0cm; line-height: 1px; background: transparent; color: #000000; font-size: medium;\" align=\"center\"><span style=\"color: #7a7a7a;\"><i>zasiewaj\u0105 nikczemno\u015b\u0107.<\/i><\/span><\/p><p style=\"margin-bottom: 0cm; line-height: 1px; background: transparent; color: #000000; font-size: medium;\" align=\"center\"><i>\u00a0<\/i><\/p><p style=\"margin-bottom: 0cm; line-height: 1px; background: transparent; color: #000000; font-size: medium;\" align=\"center\"><span style=\"color: #7a7a7a;\"><i>Bo bycie i niebycie<\/i><\/span><\/p><p style=\"margin-bottom: 0cm; line-height: 1px; background: transparent; color: #000000; font-size: medium;\" align=\"center\"><span style=\"color: #7a7a7a;\"><i>przychodz\u0105 do nas w parze.<\/i><\/span><\/p><p style=\"margin-bottom: 0cm; line-height: 1px; background: transparent; color: #000000; font-size: medium;\" align=\"center\"><span style=\"color: #7a7a7a;\"><i>Co trudne i co \u0142atwe,<\/i><\/span><\/p><p style=\"margin-bottom: 0cm; line-height: 1px; background: transparent; color: #000000; font-size: medium;\" align=\"center\"><span style=\"color: #7a7a7a;\"><i>lubi si\u0119 dope\u0142nia\u0107.<\/i><\/span><\/p><p style=\"margin-bottom: 0cm; line-height: 1px; background: transparent; color: #000000; font-size: medium;\" align=\"center\"><span style=\"color: #7a7a7a;\"><i>Co d\u0142ugie i kr\u00f3tkie,<\/i><\/span><\/p><p style=\"margin-bottom: 0cm; line-height: 1px; background: transparent; color: #000000; font-size: medium;\" align=\"center\"><span style=\"color: #7a7a7a;\"><i>nawzajem si\u0119 kszta\u0142tuje.<\/i><\/span><\/p><p style=\"margin-bottom: 0cm; line-height: 1px; background: transparent; color: #000000; font-size: medium;\" align=\"center\"><span style=\"color: #7a7a7a;\"><i>Wy\u017cyny i niziny<\/i><\/span><\/p><p style=\"margin-bottom: 0cm; line-height: 1px; background: transparent; color: #000000; font-size: medium;\" align=\"center\"><span style=\"color: #7a7a7a;\"><i>nie istniej\u0105 bez siebie.<\/i><\/span><\/p><p style=\"margin-bottom: 0cm; line-height: 1px; background: transparent; color: #000000; font-size: medium;\" align=\"center\"><span style=\"color: #7a7a7a;\"><i>Nuta na papierze<\/i><\/span><\/p><p style=\"margin-bottom: 0cm; line-height: 1px; background: transparent; color: #000000; font-size: medium;\" align=\"center\"><span style=\"color: #7a7a7a;\"><i>z d\u017awi\u0119kiem tworzy muzyk\u0119;<\/i><\/span><\/p><p style=\"margin-bottom: 0cm; line-height: 1px; background: transparent; color: #000000; font-size: medium;\" align=\"center\"><span style=\"color: #7a7a7a;\"><i>potem jest po przedtem,<\/i><\/span><\/p><p style=\"margin-bottom: 0cm; line-height: 1px; background: transparent; color: #000000; font-size: medium;\" align=\"center\"><span style=\"color: #7a7a7a;\"><i>by sta\u0107 si\u0119 przedtem dla potem.[\u2026]<\/i><\/span><\/p><p style=\"margin-bottom: 0cm; line-height: 1px; background: transparent; color: #000000; font-size: medium;\" align=\"center\"><i>\u00a0<\/i><\/p><p style=\"margin-bottom: 0cm; line-height: 1px; background: transparent; color: #000000; font-size: medium;\" align=\"center\"><span style=\"color: #7a7a7a;\"><i>Rzecz, kt\u00f3re s\u0105,<\/i><\/span><\/p><p style=\"margin-bottom: 0cm; line-height: 1px; background: transparent; color: #000000; font-size: medium;\" align=\"center\"><span style=\"color: #7a7a7a;\"><i>po prostu istniej\u0105,<\/i><\/span><\/p><p style=\"margin-bottom: 0cm; line-height: 1px; background: transparent; color: #000000; font-size: medium;\" align=\"center\"><span style=\"color: #7a7a7a;\">nie odrzucisz ich.[&#8230;]<\/span><\/p>\t\t\t\t\t\t\t\t<\/div>\n\t\t\t\t\t<\/div>\n\t\t\t\t<\/div>\n\t\t\t\t<\/div>\n\t\t","protected":false},"excerpt":{"rendered":"<p>Ksi\u0119ga Drogi i Dobra Ursula K. Le Guin znana jest przede wszystkim z sagi Ziemiomorza, kt\u00f3rej przestrze\u0144 przemierza czarnoksi\u0119\u017cnik Ged. Jednak tym razem autorka dos\u0142ownie powo\u0142uje do \u017cycia innego maga &#8211; p\u00f3\u0142legendarnego m\u0119\u017cczyzn\u0119, tw\u00f3rc\u0119 taoizmu &#8211; prawdopodobnie \u017cyj\u0105cego w czasach Konfuncjusza.\u00a0 Trudno Ursuli przypisa\u0107 autorstwo Ksi\u0119gi Drogi i Dobra. Autorka jedynie dokona\u0142a interpretacji s\u0142\u00f3w wielkiego [&hellip;]<\/p>\n","protected":false},"author":1,"featured_media":0,"parent":0,"menu_order":0,"comment_status":"closed","ping_status":"closed","template":"","meta":{"footnotes":""},"class_list":["post-172","page","type-page","status-publish","czr-hentry"],"_links":{"self":[{"href":"https:\/\/wszufladzie.com.pl\/index.php?rest_route=\/wp\/v2\/pages\/172","targetHints":{"allow":["GET"]}}],"collection":[{"href":"https:\/\/wszufladzie.com.pl\/index.php?rest_route=\/wp\/v2\/pages"}],"about":[{"href":"https:\/\/wszufladzie.com.pl\/index.php?rest_route=\/wp\/v2\/types\/page"}],"author":[{"embeddable":true,"href":"https:\/\/wszufladzie.com.pl\/index.php?rest_route=\/wp\/v2\/users\/1"}],"replies":[{"embeddable":true,"href":"https:\/\/wszufladzie.com.pl\/index.php?rest_route=%2Fwp%2Fv2%2Fcomments&post=172"}],"version-history":[{"count":22,"href":"https:\/\/wszufladzie.com.pl\/index.php?rest_route=\/wp\/v2\/pages\/172\/revisions"}],"predecessor-version":[{"id":201,"href":"https:\/\/wszufladzie.com.pl\/index.php?rest_route=\/wp\/v2\/pages\/172\/revisions\/201"}],"wp:attachment":[{"href":"https:\/\/wszufladzie.com.pl\/index.php?rest_route=%2Fwp%2Fv2%2Fmedia&parent=172"}],"curies":[{"name":"wp","href":"https:\/\/api.w.org\/{rel}","templated":true}]}}